ne f(-6).
-2
Let x(i) = i + 3. Let z = -51 - -57. Calculate x(z).
9
Suppose -2*t + 2 = -2. Let q(g) be the second derivative of g**3/6 + g**2 + 2*g. Let z be q(t). Let r(a) = -a**2 + 2*a + 3. Calculate r(z).
-5
Let y(z) = -3 - z**3 + 0*z + 3*z**2 - 14*z**2 + 10*z**2 + 2*z. Suppose a + 4*a = 2*c - 23, -2*a + 3*c = 18. Give y(a).
9
Suppose -o = 2*o - 3. Let l(v) = 1 - o - 2*v. Suppose -5*d + 7 = -12*d. What is l(d)?
2
Let v(q) be the third derivative of q**6/120 + 7*q**5/60 + q**4/4 - q**3/6 + q**2. Suppose 69 = -14*h - 15. What is v(h)?
-1
Let m(v) = v. Let p(n) be the first derivative of n**4/12 - 4*n**3/3 + 3*n**2 + 2*n + 1. Let j(x) be the first derivative of p(x). Let w be j(7). What is m(w)?
-1
Let f be (12/20 - 1)*-20. Let a(n) = f*n**3 + 0*n**3 + 0*n - n - 1 + n**3. Determine a(-1).
-9
Suppose 0 = 3*g - 4*a - 15 - 6, -2*g - 4*a - 6 = 0. Let i(d) = -2*d**2 + 5*d - 2. Give i(g).
-5
Let w(u) = -u**3 + 5*u**2 + 8*u - 9. Let r be w(6). Let n(h) = 2*h**2 - h - 4. What is n(r)?
11
Let q(i) be the first derivative of -i**4/4 + i**3/3 + i**2 - i + 1. Suppose 5*z - 12 = -2. Let m = 0 + z. Give q(m).
-1
Let w(d) = 2*d - 2 - 2*d + d + 0*d. Let i be w(5). Let y(g) = -3*g + g**3 + g**3 - i*g**3 + g**2 + 2 + 0*g. What is y(2)?
-8
Let w(z) = z**3 + 3*z**2 - 6*z - 1. Let f(r) = 2*r + 5. Let g be f(-5). Let p = g - -9. Suppose 3*i + 5*x + 13 = p*x, -i = 5*x + 9. What is w(i)?
7
Suppose 21*y - 17*y - 20 = 0. Let r(o) = -o + 5. What is r(y)?
0
Let x(h) = 3*h**2 - 8*h - 3. Let b(c) = -7*c**2 + 16*c + 6. Let f(s) = -2*b(s) - 5*x(s). Calculate f(9).
-6
Let c(w) be the third derivative of w**6/40 - w**4/12 + w**3/6 - 5*w**2. Calculate c(1).
2
Let t be ((-3)/6)/((-5)/20). Suppose -30 = -5*d + t*l + 3*l, -2*d + 18 = -4*l. Let s(n) = n**2 - 5*n + 1. What is s(d)?
-5
Let v(x) be the third derivative of -x**7/2520 - x**6/240 + x**5/30 + x**4/12 + 5*x**2. Let i(s) be the second derivative of v(s). Determine i(-5).
-6
Let m(x) = 2*x**3 - x**2. Let j = 4 + -2. Suppose -j*g + 5 = -g. Suppose 6 = n + n - 4*b, 4*n = -g*b - 1. Give m(n).
1
Suppose -48 = -5*n - n. Let u(l) = -3*l + 11 - n + l**2 + 0*l + 6*l. Give u(-2).
1
Let r(k) = 5 + 3*k + 0*k - k**3 + k**2 + 2*k**2 + k. Let c(s) = s. Let u be c(4). What is r(u)?
5
Let r(o) be the first derivative of 3*o + 1/2*o**2 + 1. Let j be 1 + 15/(-10)*(-2)/(-3). Calculate r(j).
3
Let f = 4 - 3. Let n be 7/(-1 + (-2)/(-1)). Let v(o) = -n*o**3 + 0 - 2*o + f + 3*o**3. Give v(1).
-5
Let z = 0 - -5. Let h = -3 + 2. Let i = h + z. Let x(o) = 3*o - 6. Give x(i).
6
Let a be 87/58*2/(-3). Let w(n) = 8*n + 1. What is w(a)?
-7
Let h(c) = -c**3 + 4*c**2 - 4*c + 4. Let b(q) = -q + 11. Let m be b(8). What is h(m)?
1
Let r(v) = -v - 7. Let w be 2/((-12)/9)*-2. Let g(o) = 3. Let f(t) = w*r(t) + 5*g(t). Let d(k) = -4*k. Let i be d(1). What is f(i)?
6
Let o(s) = -5*s**2 - 3*s - 14. Let q(w) = -3*w**2 - 2*w - 9. Let l(a) = -5*o(a) + 8*q(a). What is l(2)?
0
Let w = 16 - 19. Let s(j) be the third derivative of -j**4/24 - 7*j**3/6 + 2*j**2. Calculate s(w).
-4
Let m(t) = -t**2 + 5*t - 2. Let s(w) = w - 12. Let p be s(7). Let g(a) = a**3 + 3*a**2 - 8*a - 4. Let y be g(p). Let l be y/21*(-30)/4. Give m(l).
-2
Let l(y) = -y. Let o be l(-2). Let u(k) = -12*k + 1. Let m(t) = -6*t + 1. Let f(d) = 5*m(d) - 2*u(d). Calculate f(o).
-9
Let m(a) = a**2 - 18*a + 15. Let h be m(17). Let p(l) = 3*l. What is p(h)?
-6
Let a(p) = -p**2 + 3*p + 12. Let m be a(5). Let s(h) be the second derivative of 2*h**2 + 0 + m*h + 1/6*h**3. Determine s(-4).
0
Let w(q) = -q**3 + 4*q**2 + 2*q + 2. Let n(f) = -4*f - 12. Let p be n(-4). What is w(p)?
10
Let f(x) = -x - 4. Let y(v) = 4*v**2 - v. Let n be y(-1). Let c(s) = 3*s - 3. Let m be c(n). Let j = m + -17. Calculate f(j).
1
Suppose 9*x = 4*x + 35. Let t(q) = -4*q + x*q - 4*q + 3*q**2 + 7 - 2*q**2. Let f = -1 + 1. Determine t(f).
7
Let v(m) = 3*m - 6. Let w be 17/(((-3)/(-3))/(-2)). Let a be (-4)/16 + w/(-8). Determine v(a).
6
Let m(b) = 2*b**3 - 6*b**2 - 11*b + 6. Let i(q) = q**3 - 7*q**2 - 10*q + 7. Let s(x) = -3*i(x) + 2*m(x). Give s(-8).
-9
Let o = -6 - -11. Suppose -f = d + 3, -4*d + o*f = d - 5. Let j(r) = -6*r**3 - r - 1. Give j(d).
6
Let g(t) be the second derivative of -t**5/20 + 7*t**4/12 - 7*t**3/6 - t**2/2 + 14*t. Determine g(6).
-7
Let n(j) be the first derivative of -j**2/2 - 12*j + 32. Determine n(-5).
-7
Let n(q) = -q**3 - 4*q**2 - 2*q - 6. Suppose 0 = -5*g + 15, -g + 5 = -2*j - 6. Determine n(j).
2
Suppose -5*d - 3 = 12. Let r(c) be the third derivative of c**4/8 + 2*c**3/3 - 2*c**2. Determine r(d).
-5
Let q = 58 - 51. Let w(x) = x**3 - 7*x**2 - 1. Give w(q).
-1
Let k be 1 + 0 + -1 + 0. Let d = k + 10. Let z(v) = -7*v + 16 - d - 7. Give z(1).
-8
Suppose -6*x + x = 15. Let q(p) be the third derivative of -p**6/120 - p**5/15 - p**4/8 - p**3/2 - p**2. What is q(x)?
-3
Let n(f) = -f**3 - 5*f**2 + 4*f - 7. Let q(y) = y**3 - 8*y**2 - 9*y - 6. Let m be q(9). Determine n(m).
5
Let d(y) = y**3 + y**2. Let q be d(1). Let u(l) = 6*l**q - 2 + l**3 + 5*l + 0*l**2 + 0. Give u(-4).
10
Let a(s) = -s**3 + s**2 + 2*s - 1. Let r = -8 + 10. What is a(r)?
-1
Let q = 3 - 3. Suppose 3*u - 13 - 2 = q. Let m(o) = 10*o - 3*o + 6 - u*o. Calculate m(-5).
-4
Let j(b) be the second derivative of 4*b + 0 + 0*b**2 - 4/3*b**3. Suppose -2*t + 3*t = -1. Calculate j(t).
8
Suppose -2*g + 2 = -3*g. Let v(f) = 3*f**2 + 4*f + 2. Determine v(g).
6
Let v(f) be the first derivative of f**4/4 + 2*f**3 + 3*f**2/2 + f + 6. What is v(-5)?
11
Suppose 8*m + 65 = 3*m. Let q = m + 19. Let t(p) be the third derivative of p**5/60 - p**4/4 + 5*p**3/6 - 3*p**2. Calculate t(q).
5
Let v(r) = r**2 + 5*r + 7. Let s(t) = -3*t + 10. Let w(m) = 1. Let q(i) = s(i) - 6*w(i). Let y = -28 - -31. Let h be q(y). Calculate v(h).
7
Let n be 3*((-8)/12 + -1). Let j be (n/4)/((-7)/28). Let u(m) = -m**2 + 4*m + 5. Calculate u(j).
0
Let h(k) = 6*k**2 + 23*k + 14. Let c(m) = 2*m**2 + 8*m + 5. Let l(w) = 17*c(w) - 6*h(w). Suppose -5*a = -9*a - 8. Determine l(a).
-3
Let u = -8 + 6. Let w be 1*(-2 + -1 - u). Let d(x) = 31*x - 5. Let n(z) = -6*z + 1. Let j(c) = -2*d(c) - 11*n(c). Determine j(w).
-5
Let v(c) = c**2 + 5*c - 1. Suppose -2*x + 98 = 5*w, -x - 35 = -2*w - 3. Suppose 3*s - 6*s = w. Give v(s).
5
Let i(n) be the first derivative of -n**4/4 - n**3 - 2*n - 4. Suppose 5*o - 4 = 2*c + 2, -3*c - 5*o = 9. Determine i(c).
-2
Let w(d) = d**3 - 5*d**2 + 5. Let n be (-2)/(-7) + 604/(-7). Let f be (-12)/(-54) + n/(-18). What is w(f)?
5
Let w(g) = -5*g - 1. Let n(r) = 4*r - 14. Let s be n(4). Calculate w(s).
-11
Let c(u) = u**2 + 7*u - 8. Suppose -13 = -l - 3*q + 2, 5*l - 45 = -5*q. Let j be l/(-21) + 120/(-21). What is c(j)?
-14
Let n(o) = -2*o**2 + 2*o + 2. Let j be (-37)/(-5) + 45/75. Suppose -2*w + j = 12. What is n(w)?
-10
Let r be (16/6 + -3)/(3/(-63)). Let o(w) = -w. Let d(v) = -5*v - 3. Let a(y) = -d(y) + 6*o(y). Calculate a(r).
-4
Let a(l) = l**3 + 4*l**2 + 4*l - 1. Let n be 1/(0 + 3/(-6)). Let b = -5 - n. What is a(b)?
-4
Let g(y) = -20*y**3 - y**2 - y. Let c be g(-1). Suppose c = 4*q - 16. Suppose -5*b + q = -1. Let k(x) = x**3 - x**2 - 2*x + 1. Determine k(b).
1
Let c(q) = -q**2 + 10*q + 2. Let f(a) = a - 1. Let u(k) = -c(k) + 5*f(k). Give u(6).
-1
Let j(d) be the third derivative of d**5/120 + d**4/8 - d**3/3 + d**2. Let q(m) be the first derivative of j(m). Let p be q(-5). Let s(r) = 5*r + 3. Give s(p).
-7
Let z(u) = u**2 - 5*u - 7. Suppose 5 + 1 = x. What is z(x)?
-1
Let j(a) be the second derivative of 2*a**3 - 2*a. Let k(g) = -6*g. Let m(f) = -6*j(f) - 11*k(f). Give m(-1).
6
Let k(h) = 127*h - 4 + 5 + 2*h**2 - 128*h. Give k(1).
2
Let y(x) = -x**3 - 4*x**2 + 4. Suppose -5*g - 23 + 3 = 0. What is y(g)?
4
Let m(v) be the second derivative of -v**3/6 + 9*v**2/2 + 3*v + 4. Give m(10).
-1
Let h be 55/(-10) - (-1)/2. Let r(u) be the first derivative of -1 - 1/2*u**2 - 2*u. Determine r(h).
3
Let s(p) be the second derivative of -p**4/12 + p**3 + 4*p**2 + 7*p. Give s(7).
1
Let q(s) = -s - 3. Let h be q(-8). Let i(c) be the second derivative of c**4/12 - c**3/2 - 7*c**2/2 + c. Give i(h).
3
Let v(a) = 4 - a**3 + 2*a**2 - a + 0 + 2*a + a**2. Give v(4).
-8
Let r(b) = 4*b**3 - 2*b**2 + 1. Let a = 19 + -20. Give r(a).
-5
Let b be -13 + 11 + (-8)/(-1). Let r(g) be the first derivative of -g**